l be ((504/27)/7)/(1/24). What is the highest common divisor of l and 72?
8
Suppose 4*q - 206 = 406. Let i = q + -73. Calculate the greatest common factor of i and 16.
16
Let q(y) = -y**2 - y + 6. Let h be q(3). Let w be 1/6 - (1 + 833/h). What is the highest common factor of 23 and w?
23
Suppose 2*v + 0*v = 16. Let x(q) be the first derivative of q**2/2 - 6*q + 5. Let d be x(14). What is the greatest common divisor of d and v?
8
Let k be (-6)/10 + 139966/235. What is the highest common factor of k and 140?
35
Let d be (-20)/(46/5 - 10). Calculate the greatest common factor of d and 25.
25
Let y = -68 - -113. Suppose 97*q - 226 - 259 = 0. Calculate the greatest common divisor of y and q.
5
Suppose 6*n = -2*x + 2*n + 28, -2*x - 5*n + 31 = 0. Calculate the highest common factor of x and 4.
4
Let g(b) = b**3 + 18*b**2 + 16*b + 7. Suppose -3*k - 2*f = f + 36, 0 = -3*k + 5*f - 76. Let v be g(k). Calculate the greatest common factor of 8 and v.
8
Suppose 2*x + 1 = 7. Suppose x*p + 45 - 291 = 0. Let y = p - -38. Calculate the greatest common divisor of y and 30.
30
Let y be (-2)/(-3)*(1 - -5). Suppose -5*p = u + 65 - 228, y*u - 172 = -5*p. Suppose -p = 5*w - 122. Calculate the greatest common factor of 45 and w.
9
Suppose 2*k = 0, 4*s - 2*k - 408 = 2*k. Suppose -4*x - s = -7*x. What is the greatest common divisor of 85 and x?
17
Let n = -19 - -23. Suppose v - s = -3 + 7, 0 = -2*v + s + 7. Suppose 0 = -5*p - 20, -v*k = -k - n*p - 70. Calculate the highest common factor of 27 and k.
27
Suppose 3*u = 5*u - 28. Suppose q + 0*q = 3*c - 462, 5*c - q - 770 = 0. Calculate the highest common divisor of u and c.
14
Suppose 0 = 3*m + m - 8. Suppose m*i - 66 = 54. Let u(x) = 2*x**3 + 19*x**2 - 29*x - 175. Let h be u(-10). Calculate the highest common divisor of i and h.
15
Let d(v) = 2*v + 9. Let q be d(0). Suppose -6*k = -q*k + 495. Suppose -21 + k = 4*g. Calculate the highest common divisor of g and 24.
12
Let m(z) = -3*z - 9. Let r be m(-11). Suppose y = -2*y + r. Suppose -k - 3*p = -42 - 17, -4*k = 4*p - 228. What is the greatest common factor of y and k?
8
Let l = 159 - 153. Let v = -8 - -11. What is the highest common factor of l and v?
3
Let z be (-1 + 0)*16*-2. Let y be ((-112)/(-49))/(8/112). Calculate the greatest common factor of y and z.
32
Suppose 4*d - 67 = 29. Let o be 1/(2/(-48)) + 5/1. Let r = o + d. What is the highest common divisor of 2 and r?
1
Let o be 8 - (8/60 - (-3182)/(-15)). What is the greatest common divisor of 154 and o?
22
Let c = 116 - 108. Calculate the greatest common factor of 100 and c.
4
Let n(a) = -3*a - 6 + a**2 + 2*a - a - 3*a. Let i(s) = s**2 + s + 1. Let y(c) = 6*i(c) + n(c). Let t be y(1). Calculate the greatest common divisor of t and 8.
8
Suppose 11 - 1 = 5*d. Let i(f) = d - f + f**2 + 2 - 1. Let n be i(3). Calculate the highest common divisor of 99 and n.
9
Let m(u) = u**3 - u**2 - 6*u + 4. Let y be m(4). Suppose 4*r - 112 = 4*d, 22*d = r + 25*d - 32. Let j = r - y. What is the greatest common divisor of 11 and j?
1
Let h be ((-2)/(-3))/((-117)/(-14040)). Let j be (-6)/(-27) - 176/(-18). Calculate the greatest common divisor of h and j.
10
Let q be 1144/24 - 2/3. Let l = q - 14. What is the greatest common factor of l and 11?
11
Let y = -540 - -1954. What is the highest common divisor of 14 and y?
14
Suppose 25 - 81 = -2*n. Let j be n/8*-2*-1. Let p = j + 8. What is the greatest common factor of 120 and p?
15
Suppose -400 = 40*x - 44*x. Calculate the greatest common factor of x and 80.
20
Suppose 11*m - 281 - 709 = 0. Suppose -2*z + 60 = -2*i, -3*z + 90 = -0*z + 5*i. Calculate the greatest common factor of z and m.
30
Let w(f) = 416*f**2 + 3*f + 1. Let o be w(-1). Suppose 0 = -5*d - 0*d + 230. Calculate the greatest common divisor of d and o.
46
Suppose -14 = -2*v - 4*o, 2*o = -v + 3*o + 16. Let n = 55 + -42. What is the highest common divisor of n and v?
13
Let q(z) = -3*z**3 - z**2 + 12*z - 36. Let i be q(-6). Calculate the greatest common factor of 288 and i.
72
Let p be 24*((-35)/10 + 6). Calculate the greatest common divisor of p and 960.
60
Let c(n) = -n**3 - 33*n**2 - 115*n + 36. Let t be c(-29). Let l(u) = -55*u + 1. Let d be l(-1). Calculate the greatest common divisor of d and t.
7
Suppose -2*y = -p - 446, 458 = 10*y - 8*y + 5*p. Calculate the greatest common divisor of y and 64.
32
Let t be 28*690/160 + (-3)/4. What is the highest common factor of t and 180?
60
Let n(h) = -h**3 - 19*h**2 - 53*h + 16. Let i be n(-16). What is the greatest common divisor of i and 144?
48
Let n = -2 - -3. Let x = 25 - n. Suppose o - 5*q - 177 = 0, 13*o - 2*q - 762 = 9*o. What is the greatest common factor of o and x?
24
Suppose 4 = -2*i - 0, -3*p + i + 14 = 0. Let k(v) = 5*v + 12. Let m be k(p). What is the greatest common factor of 8 and m?
8
Let d = 859 + 457. Calculate the highest common factor of d and 28.
28
Suppose u - 1301 = -3*a, a - 4*u + 1289 = 4*a. Let g = a - 265. Calculate the greatest common factor of 17 and g.
17
Suppose 0 = -2*d + 5*z + 26, 4*d - 1 = -z + 29. Let g(x) = -2*x - 8 - 3*x + 0*x + 9*x**2 - x**3. Let l be g(d). What is the greatest common divisor of l and 16?
16
Suppose -15*m - m = -432. What is the highest common divisor of m and 216?
27
Suppose -y = -4*l - 26, 0 = 2*l + 2*l - 4*y + 32. Let k be -2 + 38 - (-18)/l. What is the greatest common divisor of 22 and k?
11
Let z(m) = 2*m**3 - 2*m**2 + 16*m - 42. Let i be z(3). Calculate the greatest common divisor of i and 672.
42
Let r = -170 - -260. Calculate the greatest common factor of 144 and r.
18
Let d be (-2)/(-5) - 0 - (-532)/20. Let i be -9*d*(-6)/18. Calculate the greatest common divisor of 27 and i.
27
Let l be (7/(-3))/((-1)/39). Suppose 9 - 117 = 3*z. Let b = -23 - z. Calculate the greatest common factor of b and l.
13
Suppose 7*j = -j + 696. Let n = 241 - j. What is the highest common divisor of 14 and n?
14
Let z be (4 - 5) + 46 + -5. Calculate the highest common factor of 140 and z.
20
Let b be -3 + 9 + (2 - -49). What is the highest common divisor of b and 969?
57
Suppose 7*m - 44 = 4*m - k, -3*m + k + 46 = 0. Let c = -32 + 44. Suppose c = -6*z + 48. Calculate the greatest common divisor of m and z.
3
Suppose -v + 5*h + 8 = -4*v, 24 = 4*v - 2*h. Suppose -v*r = 4*x - r - 372, -212 = -2*x + 5*r. Calculate the highest common factor of x and 12.
12
Suppose 2*i - 160 = -3*i. Suppose -c + 3*c - 20 = 0. Suppose 11*m - 160 = c*m. What is the highest common divisor of m and i?
32
Suppose 0 = -3*r + 9, 2*z - r - 266 - 37 = 0. What is the greatest common factor of 51 and z?
51
Let j = -943 - -958. Calculate the greatest common factor of 75 and j.
15
Let b(a) = -36*a + 256. Let o be b(7). What is the greatest common divisor of 124 and o?
4
Suppose 11*u - 6 = -6. Suppose p = -3*b + 15, u = -b + 4*b - 9. What is the highest common factor of 30 and p?
6
Suppose -b + 2*h - 156 = -488, 0 = b - 5*h - 347. What is the greatest common factor of b and 28?
14
Suppose -i + 78 = -3*q, 6*i - 356 = 2*i + q. Suppose 0 = 4*x - 9*x + 50. What is the highest common factor of x and i?
10
Suppose -6*d + 20059 - 4411 = 0. Calculate the greatest common factor of d and 16.
16
Suppose 2*g + 2*c = 230, g + 4*c - 115 = -0*g. Calculate the highest common divisor of 46 and g.
23
Suppose -21 - 49 = -14*w. Calculate the highest common factor of w and 20.
5
Suppose 0 = 4*i - 4, -3*a + 211 = -a - 5*i. Let m be a + 25 - (-2)/1. What is the greatest common factor of 45 and m?
45
Let p be -1 - (-3 + 5 - 11). Let t be 2/(-4)*p - -16. What is the greatest common factor of t and 6?
6
Let o = -326 - -353. Suppose h - 6 = -h, -4*h + 3 = -n. Calculate the greatest common divisor of n and o.
9
Let s be ((-90)/(-105))/(1/42). Let v = s + -30. What is the highest common factor of 54 and v?
6
Let b = -21 + 16. Let m = 3 - b. Let t be (-3)/(-1)*1 - -21. Calculate the greatest common factor of m and t.
8
Let x be 1/(-8) + 20/160. Suppose x = n - 124 + 24. Calculate the greatest common factor of n and 40.
20
Let g = 486 + 212. Let i be g/18 + ((-16)/18)/(-4). What is the highest common divisor of i and 6?
3
Let l be (-11)/(-2) - (-1)/(-2). Suppose 2*a - 5*a + 11 = w, 33 = l*a - 2*w. Let p be 40/(-3)*(-3)/2. What is the highest common factor of p and a?
5
Let a(u) = -4*u + 1. Let o be a(0). W